{"id":35464,"date":"2025-09-18T00:50:14","date_gmt":"2025-09-18T00:50:14","guid":{"rendered":"https:\/\/nextgensd.com\/?page_id=35464"},"modified":"2025-10-11T20:47:03","modified_gmt":"2025-10-11T20:47:03","slug":"como-cambia-la-composicion-estructura-y-diversidad-de-la-vegetacion","status":"publish","type":"page","link":"https:\/\/nextgensd.com\/es\/becas-2025\/como-cambia-la-composicion-estructura-y-diversidad-de-la-vegetacion\/","title":{"rendered":"C\u00f3mo cambia la composici\u00f3n, estructura y diversidad de la vegetaci\u00f3n"},"content":{"rendered":"\t\t<div data-elementor-type=\"wp-page\" data-elementor-id=\"35464\" class=\"elementor elementor-35464 elementor-35261\" data-elementor-post-type=\"page\">\n\t\t\t\t<div class=\"elementor-element elementor-element-51733f4 e-flex e-con-boxed e-con e-parent\" data-id=\"51733f4\" data-element_type=\"container\">\n\t\t\t\t\t<div class=\"e-con-inner\">\n\t\t\t\t<div class=\"elementor-element elementor-element-4ea1700 elementor-widget elementor-widget-image\" data-id=\"4ea1700\" data-element_type=\"widget\" data-widget_type=\"image.default\">\n\t\t\t\t<div class=\"elementor-widget-container\">\n\t\t\t<style>\/*! elementor - v3.23.0 - 05-08-2024 *\/\n.elementor-widget-image{text-align:center}.elementor-widget-image a{display:inline-block}.elementor-widget-image a img[src$=\".svg\"]{width:48px}.elementor-widget-image img{vertical-align:middle;display:inline-block}<\/style>\t\t\t\t\t\t\t\t\t\t<img decoding=\"async\" src=\"https:\/\/nextgensd.com\/wp-content\/uploads\/elementor\/thumbs\/medida_web-rbwphvw5lj4iyiqvnxewpznhfzspju38pneor18u34.png\" title=\"medida_web\" alt=\"medida_web\" loading=\"lazy\" \/>\t\t\t\t\t\t\t\t\t\t\t\t\t<\/div>\n\t\t\t\t<\/div>\n\t\t\t\t<div class=\"elementor-element elementor-element-58c5757 elementor-widget__width-initial elementor-widget elementor-widget-heading\" data-id=\"58c5757\" data-element_type=\"widget\" data-widget_type=\"heading.default\">\n\t\t\t\t<div class=\"elementor-widget-container\">\n\t\t\t<style>\/*! elementor - v3.23.0 - 05-08-2024 *\/\n.elementor-heading-title{padding:0;margin:0;line-height:1}.elementor-widget-heading .elementor-heading-title[class*=elementor-size-]>a{color:inherit;font-size:inherit;line-height:inherit}.elementor-widget-heading .elementor-heading-title.elementor-size-small{font-size:15px}.elementor-widget-heading .elementor-heading-title.elementor-size-medium{font-size:19px}.elementor-widget-heading .elementor-heading-title.elementor-size-large{font-size:29px}.elementor-widget-heading .elementor-heading-title.elementor-size-xl{font-size:39px}.elementor-widget-heading .elementor-heading-title.elementor-size-xxl{font-size:59px}<\/style><h1 class=\"elementor-heading-title elementor-size-default\">\u00bfC\u00f3mo cambia la composici\u00f3n, estructura y diversidad de la vegetaci\u00f3n\nle\u00f1osa a lo largo de un gradiente altitudinal en \u00c1lamos, Sonora?<\/h1>\t\t<\/div>\n\t\t\t\t<\/div>\n\t\t\t\t\t<\/div>\n\t\t\t\t<\/div>\n\t\t<div class=\"elementor-element elementor-element-ac949b4 e-flex e-con-boxed e-con e-parent\" data-id=\"ac949b4\" data-element_type=\"container\">\n\t\t\t\t\t<div class=\"e-con-inner\">\n\t\t\t\t<div class=\"elementor-element elementor-element-cc6dfa8 elementor-widget elementor-widget-text-editor\" data-id=\"cc6dfa8\" data-element_type=\"widget\" data-widget_type=\"text-editor.default\">\n\t\t\t\t<div class=\"elementor-widget-container\">\n\t\t\t<style>\/*! elementor - v3.23.0 - 05-08-2024 *\/\n.elementor-widget-text-editor.elementor-drop-cap-view-stacked .elementor-drop-cap{background-color:#69727d;color:#fff}.elementor-widget-text-editor.elementor-drop-cap-view-framed .elementor-drop-cap{color:#69727d;border:3px solid;background-color:transparent}.elementor-widget-text-editor:not(.elementor-drop-cap-view-default) .elementor-drop-cap{margin-top:8px}.elementor-widget-text-editor:not(.elementor-drop-cap-view-default) .elementor-drop-cap-letter{width:1em;height:1em}.elementor-widget-text-editor .elementor-drop-cap{float:left;text-align:center;line-height:1;font-size:50px}.elementor-widget-text-editor .elementor-drop-cap-letter{display:inline-block}<\/style>\t\t\t\t<p>\ud83d\udccdReserva Monte Mojino, \u00c1lamos, Sonora<\/p><p>\ud83c\udfe2 Naturaleza y Cultura Sierra Madre<\/p>\t\t\t\t\t\t<\/div>\n\t\t\t\t<\/div>\n\t\t\t\t\t<\/div>\n\t\t\t\t<\/div>\n\t\t<div class=\"elementor-element elementor-element-80625f0 e-flex e-con-boxed e-con e-parent\" data-id=\"80625f0\" data-element_type=\"container\">\n\t\t\t\t\t<div class=\"e-con-inner\">\n\t\t\t\t<div class=\"elementor-element elementor-element-e7d6f82 elementor-widget elementor-widget-heading\" data-id=\"e7d6f82\" data-element_type=\"widget\" data-widget_type=\"heading.default\">\n\t\t\t\t<div class=\"elementor-widget-container\">\n\t\t\t<h2 class=\"elementor-heading-title elementor-size-default\">Responsable<\/h2>\t\t<\/div>\n\t\t\t\t<\/div>\n\t\t\t\t<div class=\"elementor-element elementor-element-c622185 elementor-widget elementor-widget-button\" data-id=\"c622185\" data-element_type=\"widget\" data-widget_type=\"button.default\">\n\t\t\t\t<div class=\"elementor-widget-container\">\n\t\t\t\t\t<div class=\"elementor-button-wrapper\">\n\t\t\t<a class=\"elementor-button elementor-button-link elementor-size-sm\" href=\"https:\/\/nextgensd.com\/researchers\/researcher\/gilberto-diaz-alvarez\/\">\n\t\t\t\t\t\t<span class=\"elementor-button-content-wrapper\">\n\t\t\t\t\t\t\t\t\t<span class=\"elementor-button-text\">Gilberto Alonso D\u00edaz \u00c1lvarez<\/span>\n\t\t\t\t\t<\/span>\n\t\t\t\t\t<\/a>\n\t\t<\/div>\n\t\t\t\t<\/div>\n\t\t\t\t<\/div>\n\t\t\t\t\t<\/div>\n\t\t\t\t<\/div>\n\t\t<div class=\"elementor-element elementor-element-4e7a4fc e-con-full e-flex e-con e-parent\" data-id=\"4e7a4fc\" data-element_type=\"container\">\n\t\t\t\t<div class=\"elementor-element elementor-element-7608f4e pp-image-slider-carousel pp-ins-normal pp-ins-hover-normal pp-swiper-slider-pagination-outside elementor-widget elementor-widget-pp-image-slider\" data-id=\"7608f4e\" data-element_type=\"widget\" data-settings=\"{&quot;skin&quot;:&quot;carousel&quot;,&quot;pause_on_hover&quot;:&quot;yes&quot;,&quot;infinite_loop&quot;:&quot;yes&quot;}\" data-widget_type=\"pp-image-slider.default\">\n\t\t\t\t<div class=\"elementor-widget-container\">\n\t\t\t\t\t\t\t<div class=\"pp-image-slider-container pp-thumbs-equal-height\">\n\t\t\t<div class=\"pp-image-slider-wrap swiper-container-wrap\">\n\t\t\t\t<div class=\"pp-image-slider-box\">\n\t\t\t\t\t<div class=\"pp-image-slider pp-swiper-slider swiper\" id=\"pp-image-slider-7608f4e\" data-slider-settings=\"{&quot;direction&quot;:&quot;horizontal&quot;,&quot;speed&quot;:600,&quot;effect&quot;:&quot;slide&quot;,&quot;slidesPerView&quot;:3,&quot;slidesPerGroup&quot;:1,&quot;spaceBetween&quot;:10,&quot;autoHeight&quot;:true,&quot;loop&quot;:true,&quot;autoplay&quot;:{&quot;delay&quot;:3000},&quot;pagination&quot;:{&quot;el&quot;:&quot;.swiper-pagination-7608f4e&quot;,&quot;type&quot;:&quot;bullets&quot;,&quot;clickable&quot;:true},&quot;breakpoints&quot;:{&quot;1025&quot;:{&quot;slidesPerView&quot;:3,&quot;slidesPerGroup&quot;:1,&quot;spaceBetween&quot;:10},&quot;768&quot;:{&quot;slidesPerView&quot;:2,&quot;slidesPerGroup&quot;:1,&quot;spaceBetween&quot;:10},&quot;320&quot;:{&quot;slidesPerView&quot;:1,&quot;slidesPerGroup&quot;:1,&quot;spaceBetween&quot;:10}}}\">\n\t\t\t\t\t\t<div class=\"swiper-wrapper\">\n\t\t\t\t\t\t\t\t\t\t<div class=\"pp-image-slider-thumb-item-wrap pp-swiper-slide swiper-slide\">\n\t\t\t\t<div class=\"pp-image-slider-thumb-item pp-ins-filter-hover\"><div class=\"pp-image-slider-thumb-image pp-ins-filter-target\" style=\"background-image:url(https:\/\/nextgensd.com\/wp-content\/uploads\/2025\/09\/Foto-1_web.webp)\"><\/div><div class=\"pp-image-slider-thumb-overlay pp-media-overlay\"><\/div><\/div>\t\t\t<\/div>\n\t\t\t\t\t\t<div class=\"pp-image-slider-thumb-item-wrap pp-swiper-slide swiper-slide\">\n\t\t\t\t<div class=\"pp-image-slider-thumb-item pp-ins-filter-hover\"><div class=\"pp-image-slider-thumb-image pp-ins-filter-target\" style=\"background-image:url(https:\/\/nextgensd.com\/wp-content\/uploads\/2025\/09\/Foto-2_web.webp)\"><\/div><div class=\"pp-image-slider-thumb-overlay pp-media-overlay\"><\/div><\/div>\t\t\t<\/div>\n\t\t\t\t\t\t<div class=\"pp-image-slider-thumb-item-wrap pp-swiper-slide swiper-slide\">\n\t\t\t\t<div class=\"pp-image-slider-thumb-item pp-ins-filter-hover\"><div class=\"pp-image-slider-thumb-image pp-ins-filter-target\" style=\"background-image:url(https:\/\/nextgensd.com\/wp-content\/uploads\/2025\/09\/Foto-3_web.webp)\"><\/div><div class=\"pp-image-slider-thumb-overlay pp-media-overlay\"><\/div><\/div>\t\t\t<\/div>\n\t\t\t\t\t\t\t\t\t<\/div>\n\t\t\t\t\t<\/div>\n\t\t\t\t\t\t\t\t<!-- Add Pagination -->\n\t\t\t<div class=\"swiper-pagination swiper-pagination-7608f4e\"><\/div>\n\t\t\t\t\t\t\t<\/div>\n\t\t\t<\/div>\n\t\t\t\t\t<\/div>\n\t\t\t\t\t<\/div>\n\t\t\t\t<\/div>\n\t\t\t\t<\/div>\n\t\t<div class=\"elementor-element elementor-element-7cb201b e-flex e-con-boxed e-con e-parent\" data-id=\"7cb201b\" data-element_type=\"container\">\n\t\t\t\t\t<div class=\"e-con-inner\">\n\t\t\t\t<div class=\"elementor-element elementor-element-7998829 elementor-widget elementor-widget-heading\" data-id=\"7998829\" data-element_type=\"widget\" data-widget_type=\"heading.default\">\n\t\t\t\t<div class=\"elementor-widget-container\">\n\t\t\t<h2 class=\"elementor-heading-title elementor-size-default\">Resumen<\/h2>\t\t<\/div>\n\t\t\t\t<\/div>\n\t\t\t\t<div class=\"elementor-element elementor-element-306b045 elementor-widget elementor-widget-text-editor\" data-id=\"306b045\" data-element_type=\"widget\" data-widget_type=\"text-editor.default\">\n\t\t\t\t<div class=\"elementor-widget-container\">\n\t\t\t\t\t\t\t<p>El aumento de la variabilidad clim\u00e1tica en las \u00faltimas d\u00e9cadas amenaza el equilibrio din\u00e1mico de los ecosistemas, generando cambios en los patrones de distribuci\u00f3n de especies y comunidades vegetales. Una forma de comprender mejor estos efectos es a trav\u00e9s del estudio de comunidades de plantas a lo largo de gradientes altitudinales, donde la similitud o disimilitud flor\u00edstica entre ecosistemas adyacentes puede reflejar c\u00f3mo la vegetaci\u00f3n responde a variaciones en el clima y las condiciones del suelo.<\/p><p>Este proyecto analizar\u00e1 c\u00f3mo cambian la composici\u00f3n, estructura y diversidad de la vegetaci\u00f3n le\u00f1osa en funci\u00f3n de la altitud, la temperatura y las propiedades ed\u00e1ficas, en un gradiente que va de los 350 a los 1350 metros sobre el nivel del mar. El \u00e1rea de estudio incluye desde bosque tropical seco en las zonas bajas, hasta bosque de encino-pino en las elevaciones m\u00e1s altas dentro de la Reserva Monte Mojino (ReMM), al noreste de \u00c1lamos, Sonora.<\/p><p>Se realizar\u00e1n censos de vegetaci\u00f3n y se registrar\u00e1n datos de temperatura utilizando sensores HOBO en parcelas establecidas aproximadamente cada 50 metros a lo largo del gradiente altitudinal. Este estudio servir\u00e1 como l\u00ednea base para identificar futuros cambios en la distribuci\u00f3n altitudinal de la vegetaci\u00f3n y generar\u00e1 informaci\u00f3n clave para la gesti\u00f3n y conservaci\u00f3n de los distintos tipos de vegetaci\u00f3n presentes en la Reserva.<\/p>\t\t\t\t\t\t<\/div>\n\t\t\t\t<\/div>\n\t\t\t\t\t<\/div>\n\t\t\t\t<\/div>\n\t\t\t\t<\/div>\n\t\t","protected":false},"excerpt":{"rendered":"<p>\u00bfC\u00f3mo cambia la composici\u00f3n, estructura y diversidad de la vegetaci\u00f3n le\u00f1osa a lo largo de un gradiente altitudinal en \u00c1lamos, Sonora? \ud83d\udccdReserva Monte Mojino, \u00c1lamos, Sonora \ud83c\udfe2 Naturaleza y Cultura Sierra Madre Responsable Gilberto Alonso D\u00edaz \u00c1lvarez Resumen El aumento de la variabilidad clim\u00e1tica en las \u00faltimas d\u00e9cadas amenaza el equilibrio din\u00e1mico de los ecosistemas, [&hellip;]<\/p>\n","protected":false},"author":1,"featured_media":0,"parent":35848,"menu_order":0,"comment_status":"closed","ping_status":"closed","template":"elementor_header_footer","meta":{"footnotes":""},"acf":[],"_links":{"self":[{"href":"https:\/\/nextgensd.com\/es\/wp-json\/wp\/v2\/pages\/35464"}],"collection":[{"href":"https:\/\/nextgensd.com\/es\/wp-json\/wp\/v2\/pages"}],"about":[{"href":"https:\/\/nextgensd.com\/es\/wp-json\/wp\/v2\/types\/page"}],"author":[{"embeddable":true,"href":"https:\/\/nextgensd.com\/es\/wp-json\/wp\/v2\/users\/1"}],"replies":[{"embeddable":true,"href":"https:\/\/nextgensd.com\/es\/wp-json\/wp\/v2\/comments?post=35464"}],"version-history":[{"count":7,"href":"https:\/\/nextgensd.com\/es\/wp-json\/wp\/v2\/pages\/35464\/revisions"}],"predecessor-version":[{"id":35732,"href":"https:\/\/nextgensd.com\/es\/wp-json\/wp\/v2\/pages\/35464\/revisions\/35732"}],"up":[{"embeddable":true,"href":"https:\/\/nextgensd.com\/es\/wp-json\/wp\/v2\/pages\/35848"}],"wp:attachment":[{"href":"https:\/\/nextgensd.com\/es\/wp-json\/wp\/v2\/media?parent=35464"}],"curies":[{"name":"wp","href":"https:\/\/api.w.org\/{rel}","templated":true}]}}

Cómo cambia la composición, estructura y diversidad de la vegetación

<div data-elementor-type="wp-page" data-elementor-id="35464" class="elementor elementor-35464 elementor-35261" data-elementor-post-type="page">
				<div class="elementor-element elementor-element-51733f4 e-flex e-con-boxed e-con e-parent" data-id="51733f4" data-element_type="container">
					<div class="e-con-inner">
				<div class="elementor-element elementor-element-4ea1700 elementor-widget elementor-widget-image" data-id="4ea1700" data-element_type="widget" data-widget_type="image.default">
				<div class="elementor-widget-container">
			<style>/*! elementor - v3.23.0 - 05-08-2024 */
.elementor-widget-image{text-align:center}.elementor-widget-image a{display:inline-block}.elementor-widget-image a img[src$=".svg"]{width:48px}.elementor-widget-image img{vertical-align:middle;display:inline-block}</style>										<img decoding="async" src="https://nextgensd.com/wp-content/uploads/elementor/thumbs/medida_web-rbwphvw5lj4iyiqvnxewpznhfzspju38pneor18u34.png" title="medida_web" alt="medida_web" loading="lazy" />													</div>
				</div>
				<div class="elementor-element elementor-element-58c5757 elementor-widget__width-initial elementor-widget elementor-widget-heading" data-id="58c5757" data-element_type="widget" data-widget_type="heading.default">
				<div class="elementor-widget-container">
			<style>/*! elementor - v3.23.0 - 05-08-2024 */
.elementor-heading-title{padding:0;margin:0;line-height:1}.elementor-widget-heading .elementor-heading-title[class*=elementor-size-]>a{color:inherit;font-size:inherit;line-height:inherit}.elementor-widget-heading .elementor-heading-title.elementor-size-small{font-size:15px}.elementor-widget-heading .elementor-heading-title.elementor-size-medium{font-size:19px}.elementor-widget-heading .elementor-heading-title.elementor-size-large{font-size:29px}.elementor-widget-heading .elementor-heading-title.elementor-size-xl{font-size:39px}.elementor-widget-heading .elementor-heading-title.elementor-size-xxl{font-size:59px}</style><h1 class="elementor-heading-title elementor-size-default">¿Cómo cambia la composición, estructura y diversidad de la vegetación
leñosa a lo largo de un gradiente altitudinal en Álamos, Sonora?</h1>		</div>
				</div>
					</div>
				</div>
		<div class="elementor-element elementor-element-ac949b4 e-flex e-con-boxed e-con e-parent" data-id="ac949b4" data-element_type="container">
					<div class="e-con-inner">
				<div class="elementor-element elementor-element-cc6dfa8 elementor-widget elementor-widget-text-editor" data-id="cc6dfa8" data-element_type="widget" data-widget_type="text-editor.default">
				<div class="elementor-widget-container">
			<style>/*! elementor - v3.23.0 - 05-08-2024 */
.elementor-widget-text-editor.elementor-drop-cap-view-stacked .elementor-drop-cap{background-color:#69727d;color:#fff}.elementor-widget-text-editor.elementor-drop-cap-view-framed .elementor-drop-cap{color:#69727d;border:3px solid;background-color:transparent}.elementor-widget-text-editor:not(.elementor-drop-cap-view-default) .elementor-drop-cap{margin-top:8px}.elementor-widget-text-editor:not(.elementor-drop-cap-view-default) .elementor-drop-cap-letter{width:1em;height:1em}.elementor-widget-text-editor .elementor-drop-cap{float:left;text-align:center;line-height:1;font-size:50px}.elementor-widget-text-editor .elementor-drop-cap-letter{display:inline-block}</style>				<p>📍Reserva Monte Mojino, Álamos, Sonora</p><p>🏢 Naturaleza y Cultura Sierra Madre</p>						</div>
				</div>
					</div>
				</div>
		<div class="elementor-element elementor-element-80625f0 e-flex e-con-boxed e-con e-parent" data-id="80625f0" data-element_type="container">
					<div class="e-con-inner">
				<div class="elementor-element elementor-element-e7d6f82 elementor-widget elementor-widget-heading" data-id="e7d6f82" data-element_type="widget" data-widget_type="heading.default">
				<div class="elementor-widget-container">
			<h2 class="elementor-heading-title elementor-size-default">Responsable</h2>		</div>
				</div>
				<div class="elementor-element elementor-element-c622185 elementor-widget elementor-widget-button" data-id="c622185" data-element_type="widget" data-widget_type="button.default">
				<div class="elementor-widget-container">
					<div class="elementor-button-wrapper">
			<a class="elementor-button elementor-button-link elementor-size-sm" href="https://nextgensd.com/researchers/researcher/gilberto-diaz-alvarez/">
						<span class="elementor-button-content-wrapper">
									<span class="elementor-button-text">Gilberto Alonso Díaz Álvarez</span>
					</span>
					</a>
		</div>
				</div>
				</div>
					</div>
				</div>
		<div class="elementor-element elementor-element-4e7a4fc e-con-full e-flex e-con e-parent" data-id="4e7a4fc" data-element_type="container">
				<div class="elementor-element elementor-element-7608f4e pp-image-slider-carousel pp-ins-normal pp-ins-hover-normal pp-swiper-slider-pagination-outside elementor-widget elementor-widget-pp-image-slider" data-id="7608f4e" data-element_type="widget" data-settings="{&quot;skin&quot;:&quot;carousel&quot;,&quot;pause_on_hover&quot;:&quot;yes&quot;,&quot;infinite_loop&quot;:&quot;yes&quot;}" data-widget_type="pp-image-slider.default">
				<div class="elementor-widget-container">
							<div class="pp-image-slider-container pp-thumbs-equal-height">
			<div class="pp-image-slider-wrap swiper-container-wrap">
				<div class="pp-image-slider-box">
					<div class="pp-image-slider pp-swiper-slider swiper" id="pp-image-slider-7608f4e" data-slider-settings="{&quot;direction&quot;:&quot;horizontal&quot;,&quot;speed&quot;:600,&quot;effect&quot;:&quot;slide&quot;,&quot;slidesPerView&quot;:3,&quot;slidesPerGroup&quot;:1,&quot;spaceBetween&quot;:10,&quot;autoHeight&quot;:true,&quot;loop&quot;:true,&quot;autoplay&quot;:{&quot;delay&quot;:3000},&quot;pagination&quot;:{&quot;el&quot;:&quot;.swiper-pagination-7608f4e&quot;,&quot;type&quot;:&quot;bullets&quot;,&quot;clickable&quot;:true},&quot;breakpoints&quot;:{&quot;1025&quot;:{&quot;slidesPerView&quot;:3,&quot;slidesPerGroup&quot;:1,&quot;spaceBetween&quot;:10},&quot;768&quot;:{&quot;slidesPerView&quot;:2,&quot;slidesPerGroup&quot;:1,&quot;spaceBetween&quot;:10},&quot;320&quot;:{&quot;slidesPerView&quot;:1,&quot;slidesPerGroup&quot;:1,&quot;spaceBetween&quot;:10}}}">
						<div class="swiper-wrapper">
										<div class="pp-image-slider-thumb-item-wrap pp-swiper-slide swiper-slide">
				<div class="pp-image-slider-thumb-item pp-ins-filter-hover"><div class="pp-image-slider-thumb-image pp-ins-filter-target" style="background-image:url(https://nextgensd.com/wp-content/uploads/2025/09/Foto-1_web.webp)"></div><div class="pp-image-slider-thumb-overlay pp-media-overlay"></div></div>			</div>
						<div class="pp-image-slider-thumb-item-wrap pp-swiper-slide swiper-slide">
				<div class="pp-image-slider-thumb-item pp-ins-filter-hover"><div class="pp-image-slider-thumb-image pp-ins-filter-target" style="background-image:url(https://nextgensd.com/wp-content/uploads/2025/09/Foto-2_web.webp)"></div><div class="pp-image-slider-thumb-overlay pp-media-overlay"></div></div>			</div>
						<div class="pp-image-slider-thumb-item-wrap pp-swiper-slide swiper-slide">
				<div class="pp-image-slider-thumb-item pp-ins-filter-hover"><div class="pp-image-slider-thumb-image pp-ins-filter-target" style="background-image:url(https://nextgensd.com/wp-content/uploads/2025/09/Foto-3_web.webp)"></div><div class="pp-image-slider-thumb-overlay pp-media-overlay"></div></div>			</div>
									</div>
					</div>
								<!-- Add Pagination -->
			<div class="swiper-pagination swiper-pagination-7608f4e"></div>
							</div>
			</div>
					</div>
					</div>
				</div>
				</div>
		<div class="elementor-element elementor-element-7cb201b e-flex e-con-boxed e-con e-parent" data-id="7cb201b" data-element_type="container">
					<div class="e-con-inner">
				<div class="elementor-element elementor-element-7998829 elementor-widget elementor-widget-heading" data-id="7998829" data-element_type="widget" data-widget_type="heading.default">
				<div class="elementor-widget-container">
			<h2 class="elementor-heading-title elementor-size-default">Resumen</h2>		</div>
				</div>
				<div class="elementor-element elementor-element-306b045 elementor-widget elementor-widget-text-editor" data-id="306b045" data-element_type="widget" data-widget_type="text-editor.default">
				<div class="elementor-widget-container">
							<p>El aumento de la variabilidad climática en las últimas décadas amenaza el equilibrio dinámico de los ecosistemas, generando cambios en los patrones de distribución de especies y comunidades vegetales. Una forma de comprender mejor estos efectos es a través del estudio de comunidades de plantas a lo largo de gradientes altitudinales, donde la similitud o disimilitud florística entre ecosistemas adyacentes puede reflejar cómo la vegetación responde a variaciones en el clima y las condiciones del suelo.</p><p>Este proyecto analizará cómo cambian la composición, estructura y diversidad de la vegetación leñosa en función de la altitud, la temperatura y las propiedades edáficas, en un gradiente que va de los 350 a los 1350 metros sobre el nivel del mar. El área de estudio incluye desde bosque tropical seco en las zonas bajas, hasta bosque de encino-pino en las elevaciones más altas dentro de la Reserva Monte Mojino (ReMM), al noreste de Álamos, Sonora.</p><p>Se realizarán censos de vegetación y se registrarán datos de temperatura utilizando sensores HOBO en parcelas establecidas aproximadamente cada 50 metros a lo largo del gradiente altitudinal. Este estudio servirá como línea base para identificar futuros cambios en la distribución altitudinal de la vegetación y generará información clave para la gestión y conservación de los distintos tipos de vegetación presentes en la Reserva.</p>						</div>
				</div>
					</div>
				</div>
				</div>

<p>¿Cómo cambia la composición, estructura y diversidad de la vegetación leñosa a lo largo de un gradiente altitudinal en Álamos, Sonora? 📍Reserva Monte Mojino, Álamos, Sonora 🏢 Naturaleza y Cultura Sierra Madre Responsable Gilberto Alonso Díaz Álvarez Resumen El aumento de la variabilidad climática en las últimas décadas amenaza el equilibrio dinámico de los ecosistemas, [&hellip;]</p>
